- 3*f**2 + 51*f + 100. Give k(-2).
-6
Let z(q) = 5*q**2 - 178*q - 1351. Give z(42).
-7
Let o(r) = 2*r**2 + 290*r - 596. Give o(-147).
-8
Let m(b) = 184*b**3 + 373*b**2 - b - 8. What is m(-2)?
14
Let b(p) = 2*p**2 - 42*p + 67. What is b(19)?
-9
Let p(z) = -z**2 + 154*z + 793. Determine p(-5).
-2
Let i(d) = 26*d - 44. Give i(17).
398
Let n(c) = -210*c - 876. Calculate n(-4).
-36
Let w(j) = -j**2 + 27*j + 212. Give w(16).
388
Let l(h) = -11*h + 193. Give l(7).
116
Let f(m) = m**2 + 44*m - 371. Give f(-50).
-71
Let t(d) = 4*d - 58. Determine t(-2).
-66
Let x(m) = 1292*m - 9. Determine x(0).
-9
Let a(n) = -n**2 - 56*n + 22. Calculate a(-59).
-155
Let b(n) = 2*n**3 + 66*n**2 - 321*n - 917. Give b(-37).
8
Let n(z) = -3*z**2 + 97*z - 131. Calculate n(31).
-7
Let x(b) = 31*b + 252. Give x(-10).
-58
Let v(k) = -349*k - 340. Determine v(-1).
9
Let h(l) = 7119*l**2 + 14240*l + 10. Calculate h(-2).
6
Let l(k) = -k**2 + 51*k + 2887. Give l(85).
-3
Let a(z) = -99*z + 4192. Give a(42).
34
Let p(s) = -152*s**2 + 111*s + 111. Determine p(-1).
-152
Let i(r) = 115*r**2 - 1609*r - 44. Determine i(14).
-30
Let t(o) = -2*o**3 - 20*o**2 - 15*o + 32. Calculate t(-9).
5
Let q(f) = -f**3 + 18*f**2 - 50*f + 214. What is q(15)?
139
Let c(x) = 1315*x + 1321. Give c(-1).
6
Let f(q) = -934*q + 11196. Determine f(12).
-12
Let r(g) = -27*g**3 - g**2 + g + 2. Calculate r(-1).
27
Let s(y) = 3*y**2 + 86*y - 14. Give s(-29).
15
Let t(s) = s**2 - 631*s + 1903. What is t(3)?
19
Let v(f) = -5*f**2 + 106*f - 505. Give v(5).
-100
Let c(i) = -i**3 + 140*i**2 + 578*i - 224. Calculate c(144).
64
Let y(l) = 152*l + 4724. What is y(-31)?
12
Let u(i) = -13*i - 1323. Give u(-102).
3
Let b(u) = 288*u + 293. Calculate b(-1).
5
Let g(o) = -o**3 + 2*o**2 - 9*o + 40. Calculate g(0).
40
Let j(l) = 56*l + 444. Calculate j(-8).
-4
Let n(o) = -2*o**2 + 19*o - 47. Calculate n(0).
-47
Let x(h) = -2*h**3 + 156*h**2 + 65*h - 5073. Calculate x(78).
-3
Let v(q) = 239*q - 3853. Give v(15).
-268
Let a(g) = 2*g**2 + 15*g + 14. Calculate a(-15).
239
Let h(p) = -p**3 + 3*p**2 + 121*p - 33. Give h(-10).
57
Let s(m) = 2*m**3 - 13*m**2 - 50*m + 314. Calculate s(7).
13
Let s(d) = 9*d**3 + 4*d**2 - 10*d + 14. Give s(2).
82
Let c(r) = 2*r**3 + r**2 - 30*r - 61. Give c(-2).
-13
Let g(s) = -34*s**2 + 9*s. Determine g(2).
-118
Let z(b) = -b**2 + 12*b + 79. Determine z(-5).
-6
Let r(u) = 330*u + 8165. Determine r(-25).
-85
Let d(l) = -4027*l + 12072. Give d(3).
-9
Let y(n) = 5*n**2 - 335*n + 93. Give y(67).
93
Let x(q) = -25*q**2 + 65*q + 29. Determine x(3).
-1
Let y(n) = -n**3 + 33*n**2 - 91*n - 19. What is y(30)?
-49
Let y(q) = -5*q**2 - 113*q - 353. Calculate y(-19).
-11
Let w(r) = 2*r**2 - 496*r - 12472. Give w(-23).
-6
Let n(b) = 15*b**3 + 8*b**2 + 4*b - 4. Determine n(-1).
-15
Let c(h) = 15*h**3 + 48*h**2 - h - 3. Calculate c(0).
-3
Let b(q) = q**3 + 5*q**2 + 17*q + 6. What is b(-2)?
-16
Let o(b) = 23*b - 583. Calculate o(26).
15
Let r(l) = l**3 + 12*l**2 - 129*l + 81. What is r(-19)?
5
Let a(k) = k**2 - 20*k + 8. Determine a(20).
8
Let g(z) = -6*z**3 + 9*z**2 + 9*z - 2. What is g(-1)?
4
Let l(i) = 2*i**3 + 13*i**2 - 21*i + 16. Give l(-8).
-8
Let x(n) = -n**2 - 129*n + 4376. Determine x(28).
-20
Let r(w) = -w**3 - 129*w**2 + 11*w + 1516. Calculate r(-129).
97
Let y(h) = 68*h - 884. What is y(13)?
0
Let d(v) = 390*v - 10571. Give d(27).
-41
Let y(b) = 26*b - 252. Give y(10).
8
Let a(d) = -d**2 + 3*d + 304. Determine a(-16).
0
Let d(b) = 41*b - 51. Calculate d(-3).
-174
Let k(c) = c**2 + 541. Give k(-29).
1382
Let f(a) = 3*a - 173. Determine f(50).
-23
Let x(k) = 5*k**2 - 6*k - 24. What is x(-2)?
8
Let k(l) = -l**3 + 333*l**2 - 308*l - 7973. Calculate k(332).
-5
Let w(r) = -20*r**2 - 111*r + 1. Determine w(-4).
125
Let c(u) = -2*u**3 - u**2 + 61*u + 62. Determine c(-1).
2
Let n(l) = 12*l + 31. Give n(7).
115
Let m(j) = 891*j + 8049. Calculate m(-9).
30
Let g(i) = -2*i**2 - 29*i + 332. Calculate g(8).
-28
Let h(w) = w**3 + 48*w**2 + 4*w + 227. Give h(-48).
35
Let r(a) = a**2 + 3*a - 22. What is r(6)?
32
Let k(s) = 312*s - 1217. What is k(4)?
31
Let x(s) = -3*s**3 + 52*s**2 - s - 313. Give x(17).
-41
Let h(u) = -6*u**2 + 51*u + 1472. Calculate h(-12).
-4
Let j(m) = 7*m**2 + 891*m + 263. What is j(-127)?
9
Let h(n) = -2*n**3 - 31*n**2 - 92*n - 8. Give h(-4).
-8
Let d(w) = 123*w + 1154. Determine d(-9).
47
Let i(g) = -23*g + 1263. Calculate i(55).
-2
Let g(j) = 16*j - 707. What is g(46)?
29
Let b(y) = 156*y - 529. Determine b(6).
407
Let m(q) = -9*q**2 + 32*q + 25. Calculate m(-1).
-16
Let x(k) = -k**3 - 16*k**2 - 11*k - 154. Give x(-16).
22
Let f(s) = s**2 - 1329. Give f(-35).
-104
Let q(i) = -189*i - 1402. Calculate q(-7).
-79
Let h(c) = c**3 + 8*c**2 - 22*c + 355. Give h(-14).
-513
Let o(q) = -3*q**2 - 22*q - 5. Determine o(-1).
14
Let f(d) = 1189*d - 72529. Determine f(61).
0
Let u(z) = 6*z + 68. Determine u(-15).
-22
Let a(i) = 6*i**2 + 31*i + 131. Give a(-5).
126
Let n(p) = p**3 - 70*p**2 + 67*p + 148. What is n(69)?
10
Let u(w) = 1294*w + 80240. Calculate u(-62).
12
Let q(a) = -a**3 + 63*a**2 - 66*a + 310. Give q(62).
62
Let p(q) = 155*q - 6489. What is p(42)?
21
Let y(h) = h**2 + 84*h + 796. What is y(-73)?
-7
Let l(g) = 3*g**3 - 63*g**2 + 166*g - 14. Determine l(3).
-2
Let l(r) = -3*r**2 + 18*r - 147. Determine l(0).
-147
Let u(v) = 5*v**3 + 7*v**2 + 6*v + 20. Give u(-2).
-4
Let o(l) = 6*l**3 + 36*l**2 + 14*l + 77. Calculate o(-6).
-7
Let i(z) = -15*z**3 + 59*z**2 - 18*z + 59. What is i(4)?
-29
Let h(x) = -x**2 - 72*x - 727. Give h(-61).
-56
Let w(t) = -3*t**2 + 118*t - 1048. What is w(26)?
-8
Let l(i) = -33*i + 54. Give l(2).
-12
Let d(w) = -8*w**2 + 46*w - 28. Give d(5).
2
Let d(l) = -100*l + 681. Give d(7).
-19
Let t(q) = q**2 - 627*q - 16968. Determine t(-26).
10
Let m(o) = o**3 - 17*o**2 - 21*o - 29. Give m(18).
-83
Let b(t) = 2*t**2 - 42*t - 61. Determine b(20).
-101
Let x(p) = -2107*p + 12641. Give x(6).
-1
Let g(h) = -h**3 - h**2 + 69*h - 29. What is g(-9)?
-2
Let j(u) = 17*u + 1. Determine j(1).
18
Let h(q) = 2*q**2 + 16*q - 485. Calculate h(12).
-5
Let h(p) = p**3 + 52*p**2 + 625*p - 75. Calculate h(-33).
-9
Let a(i) = 5*i**3 - 685*i**2 + 673*i + 955. What is a(136)?
3
Let d(a) = -a**2 - 12*a + 399. Calculate d(-18).
291
Let q(p) = 6*p**2 + 8*p - 7. Calculate q(-9).
407
Let m(k) = -22*k**2 - 608*k + 86. Give m(-28).
-138
Let x(s) = s**3 - 26*s**2 + 107*s - 98. Calculate x(21).
-56
Let s(o) = -54*o - 261. Determine s(-6).
63
Let z(a) = 5*a - 85. Determine z(6).
-55
Let u(z) = -z**2 + 188*z - 1927. Calculate u(11).
20
Let l(b) = -b**3 + 9*b**2 + 112*b - 334. What is l(15)?
-4
Let v(q) = -4*q**3 - 36*q**2 + 61*q + 552. Determine v(-9).
3
Let d(h) = -h**3 + 258*h**2 - 6435*h - 120. Determine d(28).
20
Let u(j) = -j**3 - 92*j**2 - 268*j - 81. Determine u(-89).
8
Let z(k) = -2*k**3 + 60*k**2 + 59*k + 100. Give z(31).
7
Let l(j) = -21*j**2 + 12*j - 11. Give l(2).
-71
Let x(j) = 6*j**2 + 77*j - 1. Give x(-13).
12
Let z(v) = -3*v**3 - 11*v**2 + 42*v + 144. Determine z(-4).
-8
Let h(o) = 81*o + 7460. Give h(-92).
8
Let g(n) = 89*n + 161. Give g(-2).
-17
Let k(r) = 16*r + 245. Give k(-15).
5
Let w(a) = -30*a**3 + a**2 - 6*a + 4. Determine w(-2).
260
Let u(l) = 456*l + 1359. What is u(-3)?
-9
Let w(p) = 2*p**2 + 39*p + 481. Give w(0).
481
Let h(k) = -k**2 - 137*k + 410. Give h(3).
-10
Let a(c) = c**3 + 8*c**2 - 26. What is a(-6)?
46
Let u(c) = -8*c**2 + 231*c - 121. Calculate u(31).
-648
Let t(v) = 21*v**3 + 107*v**2 + 5*v - 5. Determine t(-5).
20
Let q(i) = -91*i**2 + 1181*i + 16. Give q(13).
-10
Let m(b) = -b**2 + 11*b + 498. Give m(-17).
22
Let v(t) = -t**3 + 29*t**2 - 57*t - 41. Determine v(27).
-122
Let p(l) = 10*l**2 + 112*l - 1. Give p(-11).
-23
Let p(g) = -g**3 + 15*g**2 + 90*g - 161. Calculate p(19).
105
Let t(u) = 13*u - 103. What is t(9)?
14
Let y(m) = -3*m**3 - 25*m**2 - 34*m + 9. Calculate y(-6).
-39
Let h(l) = -19*l**2 - 109*l + 12. Give h(-6).
-18
Let d(r) = -648*r - 63512. Calculate d(-98).
-8
Let n(g) = -2*g**2 - 8*g + 114. Calculate n(0).
114
Let s(t) = -t**3 + 28*t**2 - 64*t + 323. Calculate s(25).
598
Let i(c) = -8*c - 35. What is i(-19)?
117
Let h(u) = -8*u**2 + 59*u + 1176. Determine h(-9).
-3
Let p(n) = -26*n**2 - 44*n - 9. Give p(-1).
9
Let a(u) = 5*u**2 - 105*u - 110. Give a(22).
0
Let